{"id":41366,"date":"2015-04-22T08:30:07","date_gmt":"2015-04-22T12:30:07","guid":{"rendered":"https:\/\/www.dentalux.rs\/?page_id=41366"},"modified":"2020-10-09T20:29:50","modified_gmt":"2020-10-10T00:29:50","slug":"laser","status":"publish","type":"page","link":"https:\/\/www.dentalux.rs\/de\/laser\/","title":{"rendered":"Laser"},"content":{"rendered":"<div class=\"wpb-content-wrapper\"><p>[vc_row row_type=&#8220;row&#8220; use_row_as_full_screen_section=&#8220;no&#8220; type=&#8220;full_width&#8220; oblique_section=&#8220;no&#8220; text_align=&#8220;left&#8220; css_animation=&#8220;&#8220;][vc_column][vc_empty_space height=&#8220;42px&#8220; image_repeat=&#8220;no-repeat&#8220;][vc_column_text]<\/p>\n<h1 class=\"naslov\" style=\"text-align: center;\"><strong>Laser<\/strong><\/h1>\n<p>[\/vc_column_text][\/vc_column][\/vc_row][vc_row row_type=&#8220;row&#8220; use_row_as_full_screen_section=&#8220;no&#8220; type=&#8220;grid&#8220; oblique_section=&#8220;no&#8220; text_align=&#8220;left&#8220; padding_top=&#8220;0&#8243; padding_bottom=&#8220;20&#8243; css_animation=&#8220;&#8220;][vc_column offset=&#8220;vc_col-lg-offset-1 vc_col-lg-10 vc_col-md-offset-1 vc_col-md-10&#8243;][vc_separator type=&#8220;transparent&#8220; up=&#8220;50&#8243; down=&#8220;0&#8243;][vc_column_text]<\/p>\n<div class=\"no-hov\">\n<div class=\"podnaslov\">\n<h4 style=\"text-align: center;\"><span style=\"color: #37688d;\">Lasertherapie mit geringer Intensit\u00e4t <strong><a style=\"color: #37688d;\" href=\"https:\/\/www.ncbi.nlm.nih.gov\/pmc\/articles\/PMC4126803\/\" target=\"_blank\" rel=\"noopener\">(<em>Low L<\/em><\/a><\/strong><strong><em>evel\u00a0Laser T<\/em><em>herapy<\/em> )<\/strong><\/span><\/h4>\n<\/div>\n<\/div>\n<p>[\/vc_column_text][vc_separator type=&#8220;transparent&#8220; up=&#8220;5&#8243; down=&#8220;0&#8243;][vc_column_text]<\/p>\n<p style=\"text-align: justify;\"><span style=\"color: #37688d;\"><strong>Laser<\/strong><\/span> | Die therapeutischen M\u00f6glichkeiten der Laserstrahlung aus dem sichtbaren roten Bereich des Spektrums sind weithin bekannt. Der von uns verwendete Laser ist ein Laser geringer Intensit\u00e4t aus dem roten Teil des Wellenl\u00e4ngenspektrums von 630 nm. Seine biologische Wirkung beruht auf einer aktiven stimulierenden Wirkung auf Regenerationsprozesse in Geweben. Es wird angenommen, dass die Grundlage dieses Mechanismus die Absorption von Laserlichtenergie durch Zellen und deren Umwandlung in andere Energiearten (thermisch, chemisch usw.) ist.<\/p>\n<p style=\"text-align: justify;\">Das Ergebnis ist eine Erh\u00f6hung des lokalen Stoffwechsels auf ein h\u00f6heres Niveau, die mit einer verbesserten lokalen Zirkulation und Zellversorgung mit N\u00e4hrstoffen, einem besseren Transport von Substanzen zu Zellen, einer erh\u00f6hten Permeabilit\u00e4t der Zellmembranen, einer erh\u00f6hten katabolen und anabolen Aktivit\u00e4t der Zellen und damit ihrer besseren Regenerationsf\u00e4higkeit und damit einhergeht Wiedergutmachung. Nicht weniger wichtig ist die Stimulierung des lokalen Immunsystems und die entz\u00fcndungshemmende Wirkung der Strahlung.<\/p>\n<p>[\/vc_column_text][vc_separator type=&#8220;transparent&#8220; up=&#8220;10&#8243; down=&#8220;0&#8243;][vc_column_text]<span style=\"color: #37688d;\"><strong><a style=\"color: #37688d;\" href=\"https:\/\/www.dentalux.rs\/laseri\/\">LLLT<\/a> (Low Level Laser Therapy) wird in der Zahnmedizin als Unterst\u00fctzung bei der Behandlung eingesetzt :<\/strong><\/span>[\/vc_column_text][vc_separator type=&#8220;transparent&#8220; up=&#8220;5&#8243; down=&#8220;0&#8243;][vc_column_text]<\/p>\n<ol>\n<li><a href=\"https:\/\/www.dentalux.rs\/wp-content\/uploads\/2015\/04\/unnamed-1.jpg\"><img loading=\"lazy\" decoding=\"async\" class=\"alignright size-medium wp-image-40921\" src=\"https:\/\/www.dentalux.rs\/wp-content\/uploads\/2015\/04\/unnamed-1-300x169.jpg\" alt=\"laseri\" width=\"300\" height=\"169\" srcset=\"https:\/\/www.dentalux.rs\/wp-content\/uploads\/2015\/04\/unnamed-1-300x169.jpg 300w, https:\/\/www.dentalux.rs\/wp-content\/uploads\/2015\/04\/unnamed-1-1024x576.jpg 1024w, https:\/\/www.dentalux.rs\/wp-content\/uploads\/2015\/04\/unnamed-1-700x394.jpg 700w, https:\/\/www.dentalux.rs\/wp-content\/uploads\/2015\/04\/unnamed-1.jpg 1280w\" sizes=\"auto, (max-width: 300px) 100vw, 300px\" \/><\/a>Stomatitis<\/li>\n<li>Parodontalerkrankungen<\/li>\n<li>Alveolitis und Perikoronitis<\/li>\n<li>Arthritis und Arthrose des Kiefergelenks<\/li>\n<li>Bei Neuralgie und Neuritis<\/li>\n<li>Wie immer, wenn es notwendig ist, den Heilungsprozess postoperativer Wunden zu stimulieren<\/li>\n<\/ol>\n<p>[\/vc_column_text][vc_separator type=&#8220;transparent&#8220; up=&#8220;5&#8243; down=&#8220;0&#8243;][vc_column_text]<\/p>\n<div class=\"podnaslov\">\n<h4 style=\"text-align: center;\"><span style=\"color: #37688d;\">Laser im Dentalux-B\u00fcro<\/span><\/h4>\n<\/div>\n<p>[\/vc_column_text][vc_column_text css=&#8220;.vc_custom_1599955297193{padding-left: 5% !important;}&#8220;]<span style=\"color: #37688d;\"><strong>In unserem B\u00fcro haben wir auch zwei Arten von Hochleistungslasern, CO2 und Erbium-Yag, die verwendet werden:<\/strong><\/span>[\/vc_column_text][vc_separator type=&#8220;transparent&#8220; up=&#8220;5&#8243; down=&#8220;0&#8243;][vc_column_text]<\/p>\n<ol>\n<li>Innerhalb der chirurgischen Therapie der Parodontitis<\/li>\n<li>F\u00fcr die Frenektomie &#8211; die v\u00f6llig schmerzfrei ist, ohne zu n\u00e4hen und eine extrem schnelle und bequeme Methode zum Entfernen des Frenulums der Lippe oder Zunge, besonders geeignet f\u00fcr Kinder<\/li>\n<li>Verl\u00e4ngerung der klinischen Zahnkrone und Umformung des Zahnfleisches<\/li>\n<\/ol>\n<p>[\/vc_column_text][\/vc_column][\/vc_row][vc_row row_type=&#8220;row&#8220; use_row_as_full_screen_section=&#8220;no&#8220; type=&#8220;grid&#8220; oblique_section=&#8220;no&#8220; text_align=&#8220;left&#8220; padding_bottom=&#8220;80&#8243; css_animation=&#8220;&#8220; el_class=&#8220;questions&#8220;][vc_column][vc_column_text]<\/p>\n<h4><span style=\"color: #37688d;\">Unsere Experten f\u00fcr orale Implantologie<\/span><\/h4>\n<p>[\/vc_column_text][\/vc_column][\/vc_row][vc_row row_type=&#8220;row&#8220; use_row_as_full_screen_section=&#8220;no&#8220; type=&#8220;grid&#8220; oblique_section=&#8220;no&#8220; text_align=&#8220;left&#8220; padding_bottom=&#8220;80&#8243; css_animation=&#8220;&#8220; el_class=&#8220;questions&#8220;][vc_column width=&#8220;1\/2&#8243;][vc_single_image image=&#8220;42346&#8243; img_size=&#8220;full&#8220; alignment=&#8220;center&#8220; qode_css_animation=&#8220;&#8220;][vc_column_text]<\/p>\n<p style=\"text-align: center;\"><span style=\"color: #37688d;\"><a style=\"color: #37688d;\" href=\"https:\/\/www.dentalux.rs\/nas-tim\/#zoran\"><strong>Dr Zoran Staji\u0107<\/strong><\/a><\/span><\/p>\n<p style=\"text-align: center;\">Fachzahnarzt f\u00fcr Oralchirurgie<\/p>\n<p>[\/vc_column_text][\/vc_column][vc_column width=&#8220;1\/2&#8243;][vc_separator type=&#8220;transparent&#8220; up=&#8220;20&#8243;][vc_empty_space height=&#8220;42px&#8220; image_repeat=&#8220;no-repeat&#8220;][vc_column_text]<\/p>\n<p style=\"text-align: left;\"><strong>besondere F\u00e4higkeiten :<\/strong><\/p>\n<ul>\n<li style=\"text-align: left;\">Implantologie,<\/li>\n<li style=\"text-align: left;\">All-on-4,<\/li>\n<li style=\"text-align: left;\">der Einsatz von Lasern in der Zahnmedizin<\/li>\n<\/ul>\n<p>Absolvierte die Zahnmedizinische Fakult\u00e4t in Belgrad. Seine Weiterbildung in den Bereichen Implantologie und Paradontologie hat er an der Zahn\u00e4rztlichen Fakult\u00e4t in New York (USA) und im Bereich Oralchirurgie an der Zahn\u00e4rztlichen Fakult\u00e4t in Belgrad gemacht.[\/vc_column_text][\/vc_column][\/vc_row][vc_row row_type=&#8220;row&#8220; use_row_as_full_screen_section=&#8220;no&#8220; type=&#8220;grid&#8220; oblique_section=&#8220;no&#8220; text_align=&#8220;left&#8220; padding_bottom=&#8220;80&#8243; css_animation=&#8220;&#8220; el_class=&#8220;questions&#8220;][vc_column width=&#8220;1\/2&#8243;][vc_single_image image=&#8220;43150&#8243; img_size=&#8220;full&#8220; alignment=&#8220;center&#8220; qode_css_animation=&#8220;&#8220;][vc_column_text]<\/p>\n<p style=\"text-align: center;\"><span style=\"color: #37688d;\"><a style=\"color: #37688d;\" href=\"https:\/\/www.dentalux.rs\/nas-tim\/#srdjan\"><strong>dr Sr\u0111an Konatar<\/strong><\/a><\/span><\/p>\n<p style=\"text-align: center;\">Fachzahnarzt f\u00fcr Prothetik<\/p>\n<p>[\/vc_column_text][\/vc_column][vc_column width=&#8220;1\/2&#8243;][vc_separator type=&#8220;transparent&#8220; up=&#8220;20&#8243;][vc_empty_space height=&#8220;42px&#8220; image_repeat=&#8220;no-repeat&#8220;][vc_column_text]<\/p>\n<p style=\"text-align: left;\"><strong>besondere F\u00e4higkeiten :<\/strong><\/p>\n<ul>\n<li style=\"text-align: left;\">implantatgetragener Zahnersatz,<\/li>\n<li style=\"text-align: left;\">All-on-4,<\/li>\n<li style=\"text-align: left;\">Digital Smile Design,<\/li>\n<li>Veneers (Facetten)<\/li>\n<\/ul>\n<p>Werdegang: Im Jahr 2012 Diplom an der Fakult\u00e4t f\u00fcr Zahnmedizin in Belgrad. Ausbildung zum Fachzahnarzt f\u00fcr Prothetik an der gleichen Hochschule. Mitglied des Dentalux-Teams seit 2014.[\/vc_column_text][\/vc_column][\/vc_row]<\/p>\n<\/div>","protected":false},"excerpt":{"rendered":"<p>[vc_row row_type=&#8220;row&#8220; use_row_as_full_screen_section=&#8220;no&#8220; type=&#8220;full_width&#8220; oblique_section=&#8220;no&#8220; text_align=&#8220;left&#8220; css_animation=&#8220;&#8220;][vc_column][vc_empty_space height=&#8220;42px&#8220; image_repeat=&#8220;no-repeat&#8220;][vc_column_text] Laser [\/vc_column_text][\/vc_column][\/vc_row][vc_row row_type=&#8220;row&#8220; use_row_as_full_screen_section=&#8220;no&#8220; type=&#8220;grid&#8220; oblique_section=&#8220;no&#8220; text_align=&#8220;left&#8220; padding_top=&#8220;0&#8243; padding_bottom=&#8220;20&#8243; css_animation=&#8220;&#8220;][vc_column offset=&#8220;vc_col-lg-offset-1 vc_col-lg-10 vc_col-md-offset-1 vc_col-md-10&#8243;][vc_separator type=&#8220;transparent&#8220; up=&#8220;50&#8243; down=&#8220;0&#8243;][vc_column_text] Lasertherapie mit geringer Intensit\u00e4t (Low Level\u00a0Laser Therapy ) [\/vc_column_text][vc_separator type=&#8220;transparent&#8220; up=&#8220;5&#8243; down=&#8220;0&#8243;][vc_column_text] Laser | Die therapeutischen M\u00f6glichkeiten der Laserstrahlung&#8230;<\/p>\n","protected":false},"author":1,"featured_media":0,"parent":0,"menu_order":0,"comment_status":"closed","ping_status":"open","template":"full_width.php","meta":{"footnotes":""},"class_list":["post-41366","page","type-page","status-publish","hentry"],"_links":{"self":[{"href":"https:\/\/www.dentalux.rs\/de\/wp-json\/wp\/v2\/pages\/41366","targetHints":{"allow":["GET"]}}],"collection":[{"href":"https:\/\/www.dentalux.rs\/de\/wp-json\/wp\/v2\/pages"}],"about":[{"href":"https:\/\/www.dentalux.rs\/de\/wp-json\/wp\/v2\/types\/page"}],"author":[{"embeddable":true,"href":"https:\/\/www.dentalux.rs\/de\/wp-json\/wp\/v2\/users\/1"}],"replies":[{"embeddable":true,"href":"https:\/\/www.dentalux.rs\/de\/wp-json\/wp\/v2\/comments?post=41366"}],"version-history":[{"count":0,"href":"https:\/\/www.dentalux.rs\/de\/wp-json\/wp\/v2\/pages\/41366\/revisions"}],"wp:attachment":[{"href":"https:\/\/www.dentalux.rs\/de\/wp-json\/wp\/v2\/media?parent=41366"}],"curies":[{"name":"wp","href":"https:\/\/api.w.org\/{rel}","templated":true}]}}

<div class="wpb-content-wrapper"><p>[vc_row row_type=&#8220;row&#8220; use_row_as_full_screen_section=&#8220;no&#8220; type=&#8220;full_width&#8220; oblique_section=&#8220;no&#8220; text_align=&#8220;left&#8220; css_animation=&#8220;&#8220;][vc_column][vc_empty_space height=&#8220;42px&#8220; image_repeat=&#8220;no-repeat&#8220;][vc_column_text]</p>
<h1 class="naslov" style="text-align: center;"><strong>Laser</strong></h1>
<p>[/vc_column_text][/vc_column][/vc_row][vc_row row_type=&#8220;row&#8220; use_row_as_full_screen_section=&#8220;no&#8220; type=&#8220;grid&#8220; oblique_section=&#8220;no&#8220; text_align=&#8220;left&#8220; padding_top=&#8220;0&#8243; padding_bottom=&#8220;20&#8243; css_animation=&#8220;&#8220;][vc_column offset=&#8220;vc_col-lg-offset-1 vc_col-lg-10 vc_col-md-offset-1 vc_col-md-10&#8243;][vc_separator type=&#8220;transparent&#8220; up=&#8220;50&#8243; down=&#8220;0&#8243;][vc_column_text]</p>
<div class="no-hov">
<div class="podnaslov">
<h4 style="text-align: center;"><span style="color: #37688d;">Lasertherapie mit geringer Intensität <strong><a style="color: #37688d;" href="https://www.ncbi.nlm.nih.gov/pmc/articles/PMC4126803/" target="_blank" rel="noopener">(<em>Low L</em></a></strong><strong><em>evel Laser T</em><em>herapy</em> )</strong></span></h4>
</div>
</div>
<p>[/vc_column_text][vc_separator type=&#8220;transparent&#8220; up=&#8220;5&#8243; down=&#8220;0&#8243;][vc_column_text]</p>
<p style="text-align: justify;"><span style="color: #37688d;"><strong>Laser</strong></span> | Die therapeutischen Möglichkeiten der Laserstrahlung aus dem sichtbaren roten Bereich des Spektrums sind weithin bekannt. Der von uns verwendete Laser ist ein Laser geringer Intensität aus dem roten Teil des Wellenlängenspektrums von 630 nm. Seine biologische Wirkung beruht auf einer aktiven stimulierenden Wirkung auf Regenerationsprozesse in Geweben. Es wird angenommen, dass die Grundlage dieses Mechanismus die Absorption von Laserlichtenergie durch Zellen und deren Umwandlung in andere Energiearten (thermisch, chemisch usw.) ist.</p>
<p style="text-align: justify;">Das Ergebnis ist eine Erhöhung des lokalen Stoffwechsels auf ein höheres Niveau, die mit einer verbesserten lokalen Zirkulation und Zellversorgung mit Nährstoffen, einem besseren Transport von Substanzen zu Zellen, einer erhöhten Permeabilität der Zellmembranen, einer erhöhten katabolen und anabolen Aktivität der Zellen und damit ihrer besseren Regenerationsfähigkeit und damit einhergeht Wiedergutmachung. Nicht weniger wichtig ist die Stimulierung des lokalen Immunsystems und die entzündungshemmende Wirkung der Strahlung.</p>
<p>[/vc_column_text][vc_separator type=&#8220;transparent&#8220; up=&#8220;10&#8243; down=&#8220;0&#8243;][vc_column_text]<span style="color: #37688d;"><strong><a style="color: #37688d;" href="https://www.dentalux.rs/laseri/">LLLT</a> (Low Level Laser Therapy) wird in der Zahnmedizin als Unterstützung bei der Behandlung eingesetzt :</strong></span>[/vc_column_text][vc_separator type=&#8220;transparent&#8220; up=&#8220;5&#8243; down=&#8220;0&#8243;][vc_column_text]</p>
<ol>
<li><a href="https://www.dentalux.rs/wp-content/uploads/2015/04/unnamed-1.jpg"><img loading="lazy" decoding="async" class="alignright size-medium wp-image-40921" src="https://www.dentalux.rs/wp-content/uploads/2015/04/unnamed-1-300x169.jpg" alt="laseri" width="300" height="169" srcset="https://www.dentalux.rs/wp-content/uploads/2015/04/unnamed-1-300x169.jpg 300w, https://www.dentalux.rs/wp-content/uploads/2015/04/unnamed-1-1024x576.jpg 1024w, https://www.dentalux.rs/wp-content/uploads/2015/04/unnamed-1-700x394.jpg 700w, https://www.dentalux.rs/wp-content/uploads/2015/04/unnamed-1.jpg 1280w" sizes="auto, (max-width: 300px) 100vw, 300px" /></a>Stomatitis</li>
<li>Parodontalerkrankungen</li>
<li>Alveolitis und Perikoronitis</li>
<li>Arthritis und Arthrose des Kiefergelenks</li>
<li>Bei Neuralgie und Neuritis</li>
<li>Wie immer, wenn es notwendig ist, den Heilungsprozess postoperativer Wunden zu stimulieren</li>
</ol>
<p>[/vc_column_text][vc_separator type=&#8220;transparent&#8220; up=&#8220;5&#8243; down=&#8220;0&#8243;][vc_column_text]</p>
<div class="podnaslov">
<h4 style="text-align: center;"><span style="color: #37688d;">Laser im Dentalux-Büro</span></h4>
</div>
<p>[/vc_column_text][vc_column_text css=&#8220;.vc_custom_1599955297193{padding-left: 5% !important;}&#8220;]<span style="color: #37688d;"><strong>In unserem Büro haben wir auch zwei Arten von Hochleistungslasern, CO2 und Erbium-Yag, die verwendet werden:</strong></span>[/vc_column_text][vc_separator type=&#8220;transparent&#8220; up=&#8220;5&#8243; down=&#8220;0&#8243;][vc_column_text]</p>
<ol>
<li>Innerhalb der chirurgischen Therapie der Parodontitis</li>
<li>Für die Frenektomie &#8211; die völlig schmerzfrei ist, ohne zu nähen und eine extrem schnelle und bequeme Methode zum Entfernen des Frenulums der Lippe oder Zunge, besonders geeignet für Kinder</li>
<li>Verlängerung der klinischen Zahnkrone und Umformung des Zahnfleisches</li>
</ol>
<p>[/vc_column_text][/vc_column][/vc_row][vc_row row_type=&#8220;row&#8220; use_row_as_full_screen_section=&#8220;no&#8220; type=&#8220;grid&#8220; oblique_section=&#8220;no&#8220; text_align=&#8220;left&#8220; padding_bottom=&#8220;80&#8243; css_animation=&#8220;&#8220; el_class=&#8220;questions&#8220;][vc_column][vc_column_text]</p>
<h4><span style="color: #37688d;">Unsere Experten für orale Implantologie</span></h4>
<p>[/vc_column_text][/vc_column][/vc_row][vc_row row_type=&#8220;row&#8220; use_row_as_full_screen_section=&#8220;no&#8220; type=&#8220;grid&#8220; oblique_section=&#8220;no&#8220; text_align=&#8220;left&#8220; padding_bottom=&#8220;80&#8243; css_animation=&#8220;&#8220; el_class=&#8220;questions&#8220;][vc_column width=&#8220;1/2&#8243;][vc_single_image image=&#8220;42346&#8243; img_size=&#8220;full&#8220; alignment=&#8220;center&#8220; qode_css_animation=&#8220;&#8220;][vc_column_text]</p>
<p style="text-align: center;"><span style="color: #37688d;"><a style="color: #37688d;" href="https://www.dentalux.rs/nas-tim/#zoran"><strong>Dr Zoran Stajić</strong></a></span></p>
<p style="text-align: center;">Fachzahnarzt für Oralchirurgie</p>
<p>[/vc_column_text][/vc_column][vc_column width=&#8220;1/2&#8243;][vc_separator type=&#8220;transparent&#8220; up=&#8220;20&#8243;][vc_empty_space height=&#8220;42px&#8220; image_repeat=&#8220;no-repeat&#8220;][vc_column_text]</p>
<p style="text-align: left;"><strong>besondere Fähigkeiten :</strong></p>
<ul>
<li style="text-align: left;">Implantologie,</li>
<li style="text-align: left;">All-on-4,</li>
<li style="text-align: left;">der Einsatz von Lasern in der Zahnmedizin</li>
</ul>
<p>Absolvierte die Zahnmedizinische Fakultät in Belgrad. Seine Weiterbildung in den Bereichen Implantologie und Paradontologie hat er an der Zahnärztlichen Fakultät in New York (USA) und im Bereich Oralchirurgie an der Zahnärztlichen Fakultät in Belgrad gemacht.[/vc_column_text][/vc_column][/vc_row][vc_row row_type=&#8220;row&#8220; use_row_as_full_screen_section=&#8220;no&#8220; type=&#8220;grid&#8220; oblique_section=&#8220;no&#8220; text_align=&#8220;left&#8220; padding_bottom=&#8220;80&#8243; css_animation=&#8220;&#8220; el_class=&#8220;questions&#8220;][vc_column width=&#8220;1/2&#8243;][vc_single_image image=&#8220;43150&#8243; img_size=&#8220;full&#8220; alignment=&#8220;center&#8220; qode_css_animation=&#8220;&#8220;][vc_column_text]</p>
<p style="text-align: center;"><span style="color: #37688d;"><a style="color: #37688d;" href="https://www.dentalux.rs/nas-tim/#srdjan"><strong>dr Srđan Konatar</strong></a></span></p>
<p style="text-align: center;">Fachzahnarzt für Prothetik</p>
<p>[/vc_column_text][/vc_column][vc_column width=&#8220;1/2&#8243;][vc_separator type=&#8220;transparent&#8220; up=&#8220;20&#8243;][vc_empty_space height=&#8220;42px&#8220; image_repeat=&#8220;no-repeat&#8220;][vc_column_text]</p>
<p style="text-align: left;"><strong>besondere Fähigkeiten :</strong></p>
<ul>
<li style="text-align: left;">implantatgetragener Zahnersatz,</li>
<li style="text-align: left;">All-on-4,</li>
<li style="text-align: left;">Digital Smile Design,</li>
<li>Veneers (Facetten)</li>
</ul>
<p>Werdegang: Im Jahr 2012 Diplom an der Fakultät für Zahnmedizin in Belgrad. Ausbildung zum Fachzahnarzt für Prothetik an der gleichen Hochschule. Mitglied des Dentalux-Teams seit 2014.[/vc_column_text][/vc_column][/vc_row]</p>
</div>

<p>[vc_row row_type=&#8220;row&#8220; use_row_as_full_screen_section=&#8220;no&#8220; type=&#8220;full_width&#8220; oblique_section=&#8220;no&#8220; text_align=&#8220;left&#8220; css_animation=&#8220;&#8220;][vc_column][vc_empty_space height=&#8220;42px&#8220; image_repeat=&#8220;no-repeat&#8220;][vc_column_text] Laser [/vc_column_text][/vc_column][/vc_row][vc_row row_type=&#8220;row&#8220; use_row_as_full_screen_section=&#8220;no&#8220; type=&#8220;grid&#8220; oblique_section=&#8220;no&#8220; text_align=&#8220;left&#8220; padding_top=&#8220;0&#8243; padding_bottom=&#8220;20&#8243; css_animation=&#8220;&#8220;][vc_column offset=&#8220;vc_col-lg-offset-1 vc_col-lg-10 vc_col-md-offset-1 vc_col-md-10&#8243;][vc_separator type=&#8220;transparent&#8220; up=&#8220;50&#8243; down=&#8220;0&#8243;][vc_column_text] Lasertherapie mit geringer Intensität (Low Level Laser Therapy ) [/vc_column_text][vc_separator type=&#8220;transparent&#8220; up=&#8220;5&#8243; down=&#8220;0&#8243;][vc_column_text] Laser | Die therapeutischen Möglichkeiten der Laserstrahlung&#8230;</p>
